{"id":909,"date":"2026-04-30T20:47:38","date_gmt":"2026-04-30T20:47:38","guid":{"rendered":"https:\/\/nordlichtblicke.de\/?page_id=909"},"modified":"2026-05-01T19:53:28","modified_gmt":"2026-05-01T19:53:28","slug":"nordlichtblau","status":"publish","type":"page","link":"https:\/\/nordlichtblicke.de\/?page_id=909","title":{"rendered":"Nordlichtblau"},"content":{"rendered":"\n<p><strong>Textildesign<\/strong><\/p>\n\n\n<div class=\"wp-block-image\">\n<figure class=\"alignleft size-large is-resized\"><img loading=\"lazy\" decoding=\"async\" width=\"1024\" height=\"1024\" src=\"https:\/\/nordlichtblicke.de\/wp-content\/uploads\/2020\/03\/DSC8445-1024x1024.jpg\" alt=\"\" class=\"wp-image-71\" style=\"width:264px;height:auto\" srcset=\"https:\/\/nordlichtblicke.de\/wp-content\/uploads\/2020\/03\/DSC8445-1024x1024.jpg 1024w, https:\/\/nordlichtblicke.de\/wp-content\/uploads\/2020\/03\/DSC8445-300x300.jpg 300w, https:\/\/nordlichtblicke.de\/wp-content\/uploads\/2020\/03\/DSC8445-150x150.jpg 150w, https:\/\/nordlichtblicke.de\/wp-content\/uploads\/2020\/03\/DSC8445-768x768.jpg 768w, https:\/\/nordlichtblicke.de\/wp-content\/uploads\/2020\/03\/DSC8445-1536x1536.jpg 1536w, https:\/\/nordlichtblicke.de\/wp-content\/uploads\/2020\/03\/DSC8445-100x100.jpg 100w, https:\/\/nordlichtblicke.de\/wp-content\/uploads\/2020\/03\/DSC8445.jpg 1717w\" sizes=\"auto, (max-width: 767px) 89vw, (max-width: 1000px) 54vw, (max-width: 1071px) 543px, 580px\" \/><\/figure>\n<\/div>\n\n\n<p>Der Weg zu Nordlichtblau begann mit einem Camper, einem Mercedes Vito und einer einfachen Beobachtung: F\u00fcr VW-Busse gibt es unz\u00e4hlige Shirt-Designs \u2013 f\u00fcr alte Mercedes-Busse dagegen erstaunlich wenige. Dabei haben sie als robuste Camper, mit denen man auch hohe P\u00e4sse bezwingen kann, echten Kultfaktor. <br>Daraus entstanden die ersten eigenen Designs. Anfangs standen die Mercedes-Busse im Mittelpunkt, sp\u00e4ter kamen Wassersport, K\u00fcste und Natur hinzu. Schritt f\u00fcr Schritt hat sich so eine eigene Designsprache entwickelt \u2013 klar, reduziert und manchmal mit einem Augenzwinkern.<\/p>\n\n\n\n<p>Parallel begleitet mich das textile Arbeiten schon lange. Erste Ber\u00fchrungspunkte gab es w\u00e4hrend eines FSJ bei Franziskus e.V. in Hamburg \u2013 und seitdem ist es geblieben. <br>2026 habe ich meine Ausbildung zur Textilgestalterin, Fachrichtung Weben, abgeschlossen. Die gewebten St\u00fccke entstehen als Unikate \u2013 jedes ist einzigartig. Bei allen Arbeiten stehen nat\u00fcrliche Materialien im Mittelpunkt, die sich angenehm anf\u00fchlen und langlebig sind. <br>Heute steht Nordlichtblau f\u00fcr ein Label im Bereich Textildesign, das Gestaltung, Material und Idee verbindet \u2013 mit klaren Linien, nordischen Motiven und einem gelegentlichen Seitenblick auf das Leben.<\/p>\n\n\n\n<p><\/p>\n\n\n\n<hr class=\"wp-block-separator has-alpha-channel-opacity\"\/>\n","protected":false},"excerpt":{"rendered":"<p>Textildesign Der Weg zu Nordlichtblau begann mit einem Camper, einem Mercedes Vito und einer einfachen Beobachtung: F\u00fcr VW-Busse gibt es unz\u00e4hlige Shirt-Designs \u2013 f\u00fcr alte Mercedes-Busse dagegen erstaunlich wenige. Dabei haben sie als robuste Camper, mit denen man auch hohe P\u00e4sse bezwingen kann, echten Kultfaktor. Daraus entstanden die ersten eigenen Designs. Anfangs standen die Mercedes-Busse &hellip; <\/p>\n<p class=\"link-more\"><a href=\"https:\/\/nordlichtblicke.de\/?page_id=909\" class=\"more-link\"><span class=\"screen-reader-text\">\u201eNordlichtblau\u201c <\/span>weiterlesen<\/a><\/p>\n","protected":false},"author":1,"featured_media":0,"parent":0,"menu_order":0,"comment_status":"closed","ping_status":"closed","template":"","meta":{"footnotes":""},"class_list":["post-909","page","type-page","status-publish","hentry"],"_links":{"self":[{"href":"https:\/\/nordlichtblicke.de\/index.php?rest_route=\/wp\/v2\/pages\/909","targetHints":{"allow":["GET"]}}],"collection":[{"href":"https:\/\/nordlichtblicke.de\/index.php?rest_route=\/wp\/v2\/pages"}],"about":[{"href":"https:\/\/nordlichtblicke.de\/index.php?rest_route=\/wp\/v2\/types\/page"}],"author":[{"embeddable":true,"href":"https:\/\/nordlichtblicke.de\/index.php?rest_route=\/wp\/v2\/users\/1"}],"replies":[{"embeddable":true,"href":"https:\/\/nordlichtblicke.de\/index.php?rest_route=%2Fwp%2Fv2%2Fcomments&post=909"}],"version-history":[{"count":4,"href":"https:\/\/nordlichtblicke.de\/index.php?rest_route=\/wp\/v2\/pages\/909\/revisions"}],"predecessor-version":[{"id":969,"href":"https:\/\/nordlichtblicke.de\/index.php?rest_route=\/wp\/v2\/pages\/909\/revisions\/969"}],"wp:attachment":[{"href":"https:\/\/nordlichtblicke.de\/index.php?rest_route=%2Fwp%2Fv2%2Fmedia&parent=909"}],"curies":[{"name":"wp","href":"https:\/\/api.w.org\/{rel}","templated":true}]}}